 - 5*j + 3. Let f(v) = 5*p(v) + 2*s(v). Suppose -5*h + 4*o - 10 = -40, 30 = 5*h + 5*o. Determine f(h).
-5
Suppose 0 = -4*t - 2*k - 12, -2*k + 7 = -1. Let j(u) = u + 3. What is j(t)?
-2
Let c(d) be the second derivative of -d**6/360 + d**5/40 - d**4/12 + 2*d. Let u(n) be the third derivative of c(n). Give u(5).
-7
Suppose -4*x + 5*y + 9 = -15, 4*y = 4*x - 24. Let n = x + -4. Let j be -4 + 6 + n/(-1). Let q(p) = -p + 1. Calculate q(j).
1
Let r(o) = -2*o**2 - 5*o - 2. Let c = 8 - 5. Suppose -a - c*a - 82 = -5*f, 4*a = 8. Suppose i + 6 = j, 5*j - f = -i + 2*i. Calculate r(i).
-5
Let y(q) = q - 16. Suppose -6*v + 36 = -30. What is y(v)?
-5
Suppose 3*l + 35 = 3*a - 2*a, 4 = -l. Let d = -19 + a. Let w(u) = -u**3 + 3*u**2 + 6*u - 3. Give w(d).
5
Let k(v) be the third derivative of v**4/12 - v**3/3 + v**2. Let f(t) be the first derivative of -t**3/3 - 3*t**2 + 9*t - 3. Let z be f(-7). What is k(z)?
2
Let q(p) be the third derivative of -p**8/20160 + p**7/1680 + p**6/720 + p**5/20 - 2*p**2. Let o(w) be the third derivative of q(w). Determine o(-2).
-9
Let r(s) = s**3 + 2*s**2 - s - 1. Let h(d) = -d**3 - 3*d**2 + 4*d - 2. Let n be h(-4). Give r(n).
1
Let y(p) = -p**3 + p**2 + p + 1. Suppose 0 = 4*q + 4. What is y(q)?
2
Let s(m) be the first derivative of 13*m**4/4 - m**3/3 + m**2/2 - m + 16. Give s(1).
12
Let d(v) = 4*v + 1. Let t be d(-1). Let w be 1/(t - -1*4). Let k(r) = 5*r - 1. Determine k(w).
4
Let q(c) = -c + 4. Let f be q(10). Let x = f + 0. Let a(l) = 2*l + 5. What is a(x)?
-7
Let s(d) be the first derivative of d**4/4 - 5*d**3/3 + 5*d**2/2 + 3*d - 1. Let n(w) = 2*w**2 - 16*w - 14. Let r be n(9). Calculate s(r).
7
Let v(o) = -4*o + 13. Let d(g) = 8*g - 27. Let w(c) = -2*d(c) - 5*v(c). Calculate w(8).
21
Suppose -x = o - 11, 1 = 2*o + 11. Suppose -2*p - h - 7 = 0, 5*p - 5*h = -7*h - x. Let t(u) = 5 - 2*u - 4 + 1. Determine t(p).
6
Let y(r) be the third derivative of -r**4/12 - 5*r**3/6 + 48*r**2. Determine y(10).
-25
Let o(q) = 4 - q**3 + 2*q**2 + 2*q - 2*q. Let f(p) = -p**3 - p**2 - p + 3. Let d be f(0). Calculate o(d).
-5
Let m(b) be the second derivative of b**4/12 - 2*b**3/3 + 3*b**2/2 - 19*b. Calculate m(3).
0
Let w(k) = -k**3 - k**2 - 4*k - 5. Let y be w(-2). Let f(a) = -a**2 + 8*a + 7. Give f(y).
14
Suppose -33 + 0 = 3*q. Let k(p) = p**2 + 2. Let t(h) = -2*h**2 + h - 4. Let m(v) = q*k(v) - 6*t(v). Give m(4).
-6
Let o(l) = -l**2 - 6*l + 3. Let i be 4/(-18) - 104/18. Let c be o(i). Let x(t) = c*t - 10*t - 1 + t**2 + 8. Give x(5).
-3
Suppose -20 = -4*p + 3*d, -11 = -5*p + d + 14. Suppose 0 = -p*k - 7 + 2. Let h(n) = 9*n + 0 - 3*n - 1. What is h(k)?
-7
Let h = -33 + 40. Let w(d) = -d**3 + 7*d**2 - 10. Calculate w(h).
-10
Suppose p = -2*p - 6. Suppose 0 = f + 3*f - 8. Let b(a) = a - f*a - 2*a. Give b(p).
6
Let z be 102/27 + 4/18. Let p be (z - 2)*10/4. Let d(o) = o**2 + p*o - 5*o + 8. Give d(0).
8
Let x(g) = -g - 2. Suppose -2*i = 3 - 11. Suppose -3*z + i*r - 20 - 6 = 0, 0 = -5*z - 2*r - 26. Give x(z).
4
Suppose -3*a = -5 - 7, -5*b = 3*a - 17. Let k(g) = 4*g. What is k(b)?
4
Let l(p) = p**3 - 5*p**2 + 7*p - 6. Let f(r) = r. Let o be f(2). Suppose -2*y = -0*y + o*d, d = -3*y - 4. Let i be 0 + 8*(-1)/y. Give l(i).
6
Let i(p) = -p**2 + 7*p. Let j(w) = -w**3 - w**2 + w - 3. Let t be j(0). Let z = t - -9. Give i(z).
6
Let s(d) = 6*d**2 - 1. Let c = 11 + -6. Suppose c - 25 = -4*i. Suppose -5*y = 5*u + i, -1 = u + 7*y - 2*y. Determine s(u).
5
Let w = -47 - -72. Suppose 2*g + 3*g = w. Let m(b) = -b**2 + 1. Let j(i) = -6*i**2 + 3*i + 11. Let c(n) = -j(n) + 5*m(n). Give c(g).
4
Let g(q) = -q**2 + 8*q - 7. Let d be g(7). Let b(r) = -1 + 2 + d + 2 - r. Give b(-5).
8
Let m(d) = -d**3 + 2*d**2 + 2*d + 1. Let v(y) = -y**3 + y**2 + 2*y + 1. Let s be v(-1). Let w = 1 + s. Suppose 1 + 5 = w*f. Calculate m(f).
-2
Let n = -6 + 2. Let m be 16/5 - 6/30. Let j(y) = 1 + 0 + 0 + y - m. Calculate j(n).
-6
Let c(i) be the second derivative of -i**4/12 + i**3/6 - i**2/2 - 5*i. Give c(2).
-3
Let k(g) = -6*g + g**2 + 4 + 3*g - 2*g. Determine k(5).
4
Suppose -3*h = -5 - 1. Let w(n) = 4 - 2*n**h - 3 - 2*n + 3*n**2. Calculate w(-2).
9
Let u(q) = q**2 + 2*q + 1. Let p(f) be the second derivative of f**4/12 + f**3/6 - 2*f**2 - 2*f. Let o be p(0). Give u(o).
9
Let g(b) = b**3 - 8*b**2 + 8*b - 6. Let w be g(7). Let r(t) = -t**2 + 63*t - 63*t - w + 2*t**3. Give r(2).
11
Let f(q) be the third derivative of -q**6/120 + 2*q**5/15 + 3*q**4/8 + q**3/3 + 44*q**2. Give f(9).
2
Let b be -3*(1/(-3) - 1). Let i(a) = 3*a**3 + 5*a**2 + 2*a + 1. Let j(t) = -8*t**3 - 15*t**2 - 5*t - 4. Let m(z) = -11*i(z) - 4*j(z). Calculate m(b).
13
Let s(m) be the second derivative of -m**3/6 - m**2/2 + 31*m. Suppose h - 3 = 0, 0*z - 5*h = 3*z - 27. What is s(z)?
-5
Let m(v) = 1185 - 1185 - 9*v. Let u be ((-2)/3)/((-4)/6). What is m(u)?
-9
Let v(j) = j - 2. Let s be v(-6). Suppose 3*l - 16 = 3*i - 2*i, -4 = i. Let h = s + l. Let u(b) = -2*b + 3. Calculate u(h).
11
Let s(p) = -p**3 - 8*p**2 + 12*p + 7. Let i(f) = -3*f + 15. Let x be i(8). What is s(x)?
-20
Let g(n) = 5*n**2 - 2*n + 1. Let z be (0/2)/(-2) - -1. What is g(z)?
4
Let j(v) = 3*v**3 - 2*v**2 + 1. Suppose 2*d = 3 + 1. Suppose y - d = -3. Let u be j(y). Let o(m) = 3*m + 5. Determine o(u).
-7
Let z(f) = 3*f - f - 4*f - 6*f + 1. What is z(-1)?
9
Let i(v) = -v**2 + 0*v**2 + 4 + 12*v**2 - 6*v**2 - 5*v + v**3. Let g be (-12)/15*15/2. What is i(g)?
-2
Let y be -4 + -4*5/(-20). Let m(n) be the second derivative of -n**3/3 + n. Determine m(y).
6
Let s(l) = -3 - l**2 + 3*l - 8*l + 4*l. What is s(0)?
-3
Let r(d) be the third derivative of d**5/60 - d**4/4 + d**3/6 + 26*d**2. Calculate r(5).
-4
Let p(f) = -f**2 + 3 - 4*f + 2*f**2 - 2*f**2. Let u = -11 + 8. What is p(u)?
6
Let k(c) = c**3 + 5*c**2 - 5*c. Let r be (-34)/(-6) + (-6)/9. Suppose -5*a - r - 25 = 0. Determine k(a).
-6
Let i be (-3)/(((-3)/4)/1). Let w(n) = n**2 + n. What is w(i)?
20
Suppose 13 = -5*m + 3. Let p(o) = o + 4. Let b(k) = 4*k + 12. Let l(q) = m*b(q) + 7*p(q). Calculate l(6).
-2
Suppose 2*b - 25 = 5*a, 5*a + 5 = -b - 5. Let t(r) = -r - 4. What is t(a)?
-1
Let n = 60 - 56. Let i(u) = 2*u - 6. Determine i(n).
2
Let x = 1 - -1. Let j(r) = 5*r - r - 2*r. What is j(x)?
4
Let i(v) = -2*v**2 + v - 1. Suppose -7 = -5*p - 2*d, -p - 1 + 3 = d. Calculate i(p).
-2
Let j(g) = -g + 5. Let l be 16/5 + 2/(-10). Determine j(l).
2
Suppose 0 = 3*p - 23 + 8. Let i be -6 - -3 - p/(-1). Let g(v) = -6*v + 4*v + 2*v - 3*v - i. Give g(-4).
10
Let s(v) = 3*v. Let d(x) = -6*x. Let t(r) = 5*d(r) + 9*s(r). Let z = -1 + 4. Suppose -4*h - 9 = -z*l, -h - 6*l + 2*l = 7. What is t(h)?
9
Let d(s) = 23*s + 5. Let p(w) = w - 2. Let b(f) = d(f) + 3*p(f). Calculate b(1).
25
Let h be (108/8)/((-1)/(-2)). Let i be 9/h*(6 - 0). Suppose 3*f - 1 = -i*n - 2*f, -f = n - 2. Let c(g) = -2*g - 4. Calculate c(n).
-10
Let p(i) = 15*i - 2 - 11*i - 2. Determine p(3).
8
Suppose x = -4*j + 17, 2*x = -0*x - 4*j + 18. Suppose 5 + 15 = 4*p. Let b(h) = -2*h + 5*h - 3*h - p*h. Calculate b(x).
-5
Let a(r) = 7*r + r - 6*r + 9 - 2. Determine a(-6).
-5
Let s = -1 + 8. Let j = 8 - s. Let p(v) = -4*v + 1. Give p(j).
-3
Let p(k) be the third derivative of k**4/24 - 7*k**3/6 + 5*k**2. Let w(n) = -n**2 + 11*n - 4. Let f be w(10). Calculate p(f).
-1
Let q(a) = 64*a - 132*a + 65*a. Let d be 3*((-8)/6 - -2). Determine q(d).
-6
Suppose -5*n - b = -6, -4*b = 4*n - 0*b - 8. Let u(w) be the third derivative of w**4/24 - w**3/6 + w**2. Determine u(n).
0
Let s(q) = 3*q + 9. Let z be (-4)/26 + (-304)/52. Give s(z).
-9
Let h(q) = -2*q - 4. Let t(b) = 2*b + 3. Let d(z) = -3*h(z) - 2*t(z). Give d(-6).
-6
Let r(j) = 2*j - 8. Let q be r(6). Let u(t) be the third derivative of -t**4/8 + 2*t**3/3 + 9*t**2 - 5*t. Determine u(q).
-8
Let a(f) = 4 - 9*f + 17*f - 9*f. Determine a(4).
0
Let s(k) = k**3 + 7*k**2 + 7*k - 1. Let l(v) = v**3 + 7*v**2 + 8*v - 1. Let i(c) = 2*l(c) - 3*s(c). Suppose b + 0*b = 3, -2*b + 18 = -2*w. Give i(w).
-5
Let m = -139 + 143. Let k(w) = -w - 4. Let s be k(-4). Let n(r) = -2*r**2 + r**2 + 6*r + s*r**2 - 5. Give n(m).
3
Let n(q) = -12*q - 8. Let z be n(-1). Let o(x) = x**2 - 3*x - 5. Determine o(z).
-1
Let v(t) = 7*t**3 - 4 + 4*t**3 - 12*t**3. Give v(0).
-4
Let t(w) = -w**3 - 3*w**2 + 6*w + 6. Let p be -4*2 + (0 - 2). Let n be (6 + 0)/((-5)/p). Let 